ite?
True
Is 41579 a composite number?
False
Is 1273367 prime?
True
Is 62362 a composite number?
True
Is 16127 a prime number?
True
Is 12301 composite?
False
Is 224969 a composite number?
False
Is 14743 prime?
False
Is 13553 prime?
True
Is 455201 a composite number?
False
Is 4748303 prime?
False
Is 50107 a prime number?
False
Is 31601 a prime number?
True
Is 132413 prime?
False
Is 414631 a composite number?
True
Is 63641 a composite number?
True
Is 67439 prime?
False
Is 12581 a prime number?
False
Is 730223 prime?
False
Is 58651 composite?
True
Is 94591 a composite number?
True
Is 38351 a prime number?
True
Is 111317 composite?
False
Is 4417 a composite number?
True
Is 8509 a prime number?
False
Is 1655 a composite number?
True
Is 7961 a composite number?
True
Is 45389 a composite number?
False
Is 106487 composite?
False
Is 164807 a composite number?
True
Is 256069 a composite number?
True
Is 12287 a composite number?
True
Is 3985 a composite number?
True
Is 385527 composite?
True
Is 32771 prime?
True
Is 2161 prime?
True
Is 6193 a composite number?
True
Is 15161 composite?
False
Is 240031 a composite number?
True
Is 2554 a prime number?
False
Is 5601 a prime number?
False
Is 181471 prime?
False
Is 286106 a composite number?
True
Is 61649 a composite number?
True
Is 44483 composite?
False
Is 314843 a prime number?
False
Is 9967 prime?
True
Is 2927 a composite number?
False
Is 4267 composite?
True
Is 108991 a prime number?
True
Is 132589 a prime number?
True
Is 1498457 a prime number?
True
Is 106853 a prime number?
True
Is 79511 composite?
True
Is 533999 a composite number?
False
Is 159097 composite?
False
Is 63677 a composite number?
True
Is 96839 prime?
False
Is 1812073 prime?
True
Is 19661 a prime number?
True
Is 24902 a composite number?
True
Is 61861 a prime number?
True
Is 8633 composite?
True
Is 898 a composite number?
True
Is 81611 prime?
True
Is 79333 prime?
True
Is 53497 a composite number?
True
Is 5711 a prime number?
True
Is 285179 a prime number?
True
Is 61357 a composite number?
False
Is 20617 a prime number?
False
Is 114157 a prime number?
True
Is 157457 prime?
True
Is 2221 prime?
True
Is 568273 a prime number?
True
Is 28513 a prime number?
True
Is 80554 prime?
False
Is 29839 a prime number?
False
Is 419165 composite?
True
Is 14163 composite?
True
Is 1571 a composite number?
False
Is 76227 a composite number?
True
Is 495331 a prime number?
False
Is 33931 prime?
True
Is 1733 composite?
False
Is 18859 prime?
True
Is 14431 prime?
True
Is 1087 a prime number?
True
Is 144947 composite?
True
Is 6389 composite?
False
Is 10087819 prime?
False
Is 17011 composite?
False
Is 257729 a prime number?
False
Is 263201 composite?
False
Is 114997 composite?
False
Is 11801 prime?
True
Is 2361 a prime number?
False
Is 1759 prime?
True
Is 2231 composite?
True
Is 746333 a composite number?
True
Is 3551 composite?
True
Is 15761 prime?
True
Is 244243 prime?
True
Is 4595 prime?
False
Is 221 a composite number?
True
Is 99059 prime?
False
Is 2615 a prime number?
False
Is 12091 a composite number?
True
Is 151273 a composite number?
False
Is 64577 prime?
True
Is 130133 composite?
True
Is 5261 composite?
False
Is 90359 a composite number?
False
Is 50581 a composite number?
False
Is 157991 a prime number?
True
Is 226843 composite?
False
Is 923687 composite?
False
Is 855689 a prime number?
False
Is 15493 prime?
True
Is 142651 prime?
False
Is 10583 composite?
True
Is 69614 composite?
True
Is 417949 a prime number?
False
Is 101081 a prime number?
True
Is 839053 prime?
False
Is 29717 composite?
False
Is 58397 composite?
True
Is 1361 composite?
False
Is 3899 a composite number?
True
Is 206291 prime?
True
Is 337235 a composite number?
True
Is 119027 prime?
True
Is 23939 prime?
False
Is 6401 prime?
False
Is 26797 a prime number?
False
Is 36263 a prime number?
True
Is 691 prime?
True
Is 866767 a prime number?
False
Is 12797 composite?
True
Is 2830033 prime?
True
Is 72217 composite?
True
Is 189109 a prime number?
False
Is 291 prime?
False
Is 7451 composite?
False
Is 3991 a composite number?
True
Is 70757 a prime number?
False
Is 142357 prime?
True
Is 18869 a composite number?
False
Is 41759 prime?
True
Is 21143 composite?
False
Is 1678 a composite number?
True
Is 27491 a prime number?
False
Is 430543 a prime number?
True
Is 58 a prime number?
False
Is 325849 prime?
True
Is 6412465 a composite number?
True
Is 114449 composite?
True
Is 105382 prime?
False
Is 38453 a composite number?
False
Is 7283 prime?
True
Is 23663 a composite number?
False
Is 93083 a prime number?
True
Is 17231 a composite number?
False
Is 50818 a composite number?
True
Is 180019 a prime number?
False
Is 1069333 a composite number?
True
Is 45361 a composite number?
False
Is 3172618 prime?
False
Is 19553 a composite number?
False
Is 173137 prime?
True
Is 562789 prime?
True
Is 11197 prime?
True
Is 85495 a composite number?
True
Is 535811 a composite number?
False
Is 25879 a prime number?
False
Is 47459 composite?
False
Is 17077 prime?
True
Is 14197 prime?
True
Is 365723 prime?
False
Is 10533 a prime number?
False
Is 240979 prime?
False
Is 1077121 a prime number?
False
Is 1313 a prime number?
False
Is 617329 a composite number?
True
Is 4267 a composite number?
True
Is 5776933 a prime number?
False
Is 128263 composite?
True
Is 13939 a prime number?
False
Is 613523 composite?
False
Is 354067 a composite number?
True
Is 50707 prime?
True
Is 25409 a prime number?
True
Is 11579 prime?
True
Is 45757 composite?
False
Is 31627 composite?
False
Is 14903 a composite number?
True
Is 270659 prime?
True
Is 172489 a composite number?
False
Is 37255 composite?
True
Is 460673 a composite number?
False
Is 1597 prime?
True
Is 205043 a prime number?
True
Is 357953 composite?
True
Is 4721 a prime number?
True
Is 136811 a prime number?
True
Is 90787 a composite number?
False
Is 77215 a prime number?
False
Is 235205 prime?
False
Is 3251 a prime number?
True
Is 328397 composite?
False
Is 52783 a prime number?
True
Is 44489 a composite number?
True
Is 12343 a prime number?
True
Is 38123 composite?
True
Is 17837 prime?
True
Is 525491 composite?
False
Is 10843 a prime number?
False
Is 96097 prime?
True
Is 84359 a prime number?
False
Is 26323 prime?
False
Is 35617 composite?
False
Is 102757 composite?
True
Is 1701509 a prime number?
True
Is 1977 a prime number?
False
Is 441499 prime?
True
Is 7563 a composite number?
True
Is 11549 prime?
True
Is 247259 a composite number?
False
Is 154571 prime?
True
Is 336571 composite?
False
Is 821327 composite?
True
Is 158113 a composite number?
False
Is 5953 a composite number?
False
Is 12571 a composite number?
True
Is 799 a prime number?
False
Is 304091 a composite number?
False
Is 218294 composite?
True
Is 5557 composite?
False
Is 40481 a composite number?
True
Is 180637 a prime number?
False
Is 3863 composite?
False
Is 967 a prime number?
True
Is 668851 a composite number?
False
Is 410287 composite?
True
Is 15493 prime?
True
Is 263771 a composite number?
True
Is 113546 a prime number?
False
Is 986759 a composite number?
False
Is 16493 composite?
False
Is 50603 a composite number?
True
Is 1391957 a composite number?
True
Is 13157 composite?
True
Is 1647551 composite?
False
Is 1011889 a prime number?
True
Is 14519 composite?
False
Is 21874 a composite number?
True
Is 182789 prime?
True
Is 3644183 a prime number?
True
Is 442397 prime?
True
Is 44351 composite?
False
Is 185947 prime?
True
Is 623821 a composite number?
True
Is 135389 composite?
False
Is 9491 a prime number?
True
Is 2333 prime?
True
Is 87177 composite?
True
Is 2364047 a composite number?
True
Is 152717 prime?
True
Is 527809 a composite number?
False
Is 6947 prime?
True
Is 5147405 composite?
True
Is 5557 prime?
True
Is 243889 composite?
False
Is 104777 composite?
True
Is 231709 prime?
True
Is 1754 a prime number?
False
Is 52619 prime?
False
Is 6523 composite?
True
Is 419 composite?
False
Is 5903 a composite number?
False
Is 11878 composite?
True
Is 24269 composite?
True
Is 4907291 composite?
False
Is 28673 composite?
True
Is 83267 prime?
True
Is 186817 composite?
True
Is 2039317 composite?
True
Is 1481 a prime number?
True
Is 444401 a prime number?
True
Is 187 prime?
False
Is 124951 a composite number?
False
Is 10559 a prime num